9979 + -1504?
-21483
In base 4, what is -13 - 11323031022?
-11323031101
In base 2, what is -100110100100000 - 110101110000?
-101101010010000
In base 10, what is 17143 - -49?
17192
In base 5, what is 22020 + 13201110?
13223130
In base 16, what is -263568 - 4?
-26356c
In base 2, what is -10001110 - -1101011010110?
1101001001000
In base 12, what is 97b17 - -547?
98462
In base 12, what is 54b8b025 - 2?
54b8b023
In base 13, what is 5 - -7a4767?
7a476c
In base 8, what is -125037 - 1446?
-126505
In base 10, what is -1622 + 54672?
53050
In base 3, what is 21120 + -202101001?
-202002111
In base 13, what is 5 + 29ca3411?
29ca3416
In base 15, what is 75a0c + 3b8?
75dc5
In base 6, what is 0 - -30502334430?
30502334430
In base 8, what is -7435672 + -4?
-7435676
In base 8, what is 113211 + -5100?
106111
In base 9, what is 122125 + -5674?
115341
In base 9, what is -5855437 + -33?
-5855471
In base 14, what is -6 - 2958089c?
-295808a4
In base 14, what is 1 + -412d47?
-412d46
In base 2, what is -11101 - 1100011010110111011?
-1100011010111011000
In base 9, what is 15604 - 85654?
-70050
In base 14, what is 1 - -84a64?
84a65
In base 12, what is 116167a + -16?
1161664
In base 11, what is -1941574 - -1?
-1941573
In base 5, what is 10 + -131440204430?
-131440204420
In base 2, what is -11000 - -10011100000100000011010?
10011100000100000000010
In base 7, what is 1032233 + -254?
1031646
In base 3, what is -1010122101 + 202?
-1010121122
In base 14, what is -1319 - -1467?
14c
In base 13, what is 7513 + 4aa?
79c0
In base 6, what is -11445254 - 2?
-11445300
In base 9, what is -36 + -473764?
-473811
In base 11, what is -5782 + -3274?
-8a46
In base 12, what is -b - -10461?
10452
In base 12, what is 250165 - -9?
250172
In base 4, what is -33031220 + -1331130?
-101023010
In base 7, what is 153 - -101522423?
101522606
In base 13, what is 4c140232 + 0?
4c140232
In base 4, what is 11 + 211111232203?
211111232220
In base 6, what is 5 - -404054430?
404054435
In base 3, what is 11 - 112010201201002?
-112010201200221
In base 6, what is -2254 - -35420534?
35414240
In base 16, what is 1ec196 + -3e?
1ec158
In base 6, what is -52421 - 5554?
-102415
In base 5, what is 0 + 421313341?
421313341
In base 8, what is 1200035 - -1026?
1201063
In base 2, what is 0 + 101111011100101100100011?
101111011100101100100011
In base 13, what is 6 + -9c13b8?
-9c13b2
In base 11, what is 8040a84 + -5?
8040a7a
In base 14, what is 1d49 + -3010?
-10a5
In base 6, what is -23102005 - 54?
-23102103
In base 11, what is 8484270 + 6?
8484276
In base 8, what is 11575421557 - -2?
11575421561
In base 2, what is 101000111011010 - -1000111001?
101010000010011
In base 8, what is -127750020 + -1?
-127750021
In base 10, what is -6890827 + 2?
-6890825
In base 14, what is -671d + -35bc?
-9cdb
In base 12, what is -125b329 + 9?
-125b320
In base 9, what is 208542735 + 12?
208542747
In base 5, what is -2231440 + 144230?
-2032210
In base 5, what is 4 + 341102102414?
341102102423
In base 14, what is 2c34526 - -4?
2c3452a
In base 2, what is 1 - -100110011101111100101?
100110011101111100110
In base 14, what is 97 - -368c94?
368d4b
In base 5, what is 1401020 + 113011?
2014031
In base 7, what is -514 - -406160?
405343
In base 12, what is -b50 - -14b2a?
13b9a
In base 5, what is -44033 + -2220?
-101303
In base 8, what is -72 + 1410504?
1410412
In base 16, what is 1ff - 6782?
-6583
In base 2, what is 1000101011111101 - 1000101010111000?
1000101
In base 9, what is -514336 + 2703?
-511533
In base 2, what is -1011100101111010100 + -11010001?
-1011100110010100101
In base 16, what is 0 - -dc4c0f?
dc4c0f
In base 14, what is 38552 + 11aa?
3971c
In base 8, what is 33066627 + -22?
33066605
In base 4, what is 1322111 - 332?
1321113
In base 2, what is -111010011 - 1001010100010000?
-1001011011100011
In base 7, what is 5323236 + 2106?
5325345
In base 5, what is -1430113021 + 410?
-1430112111
In base 11, what is 5352325 + -5?
5352320
In base 12, what is -1 + 7900451?
7900450
In base 12, what is -783868 + 2?
-783866
In base 9, what is 7305722 + 6?
7305728
In base 12, what is -13 - -299a5?
29992
In base 10, what is 82076 + -39?
82037
In base 14, what is -3a8430 + 5?
-3a8429
In base 5, what is -2 + -32244104130?
-32244104132
In base 10, what is -124 - -93082?
92958
In base 6, what is 4522454011 - -1?
4522454012
In base 14, what is 18b + -7b24?
-7977
In base 12, what is 22216 + -92?
22144
In base 6, what is -52 + 45025002?
45024510
In base 16, what is -15a7d1f - 7?
-15a7d26
In base 12, what is 0 - -1b78086a?
1b78086a
In base 7, what is -13466 - 4666?
-21465
In base 12, what is -41b7 - -495?
-3922
In base 2, what is 110011111011010 + 11100111110001?
1010000111001011
In base 16, what is 302c + 19?
3045
In base 4, what is -3210200 - -122231?
-3021303
In base 4, what is -10231023 - 1213?
-10232302
In base 2, what is 100010010011010110 + -1001110?
100010010010001000
In base 13, what is -35 + 134b6?
13481
In base 2, what is -10011011001110001 - -11010?
-10011011001010111
In base 16, what is c265a5 - -1?
c265a6
In base 4, what is -3021 - 20021120?
-20030201
In base 4, what is 1110310113210 + 10?
1110310113220
In base 15, what is -7b4b9d3 - -3?
-7b4b9d0
In base 15, what is -6e0 - -10690?
eea0
In base 4, what is -2000 - -20323110123?
20323102123
In base 14, what is 1 + 2151a084?
2151a085
In base 16, what is 2b + -34d557?
-34d52c
In base 5, what is -230304241 - 1131?
-230310422
In base 6, what is -1000 - 4310111?
-4311111
In base 9, what is -36444 + 5226?
-31217
In base 10, what is 8 + 35360453?
35360461
In base 11, what is -9 - 1a43258?
-1a43266
In base 13, what is 21b - 4aa0b?
-4a7c0
In base 11, what is -2 + 2491644?
2491642
In base 12, what is 24 + 1426216?
142623a
In base 15, what is -3 + 1bd436?
1bd433
In base 15, what is 3 + 16082c?
160830
In base 8, what is 17 - 5010016?
-5007777
In base 11, what is -142a2555 + 5?
-142a2550
In base 13, what is -482a3 + 118?
-48188
In base 7, what is -104 - -266320?
266213
In base 6, what is 1353524113 - -5?
1353524122
In base 12, what is -1857 + -286b?
-4506
In base 4, what is 0 - 10201332203012?
-10201332203012
In base 7, what is -4 + -206535253?
-206535260
In base 14, what is -56a7 + 4b24?
-983
In base 5, what is 0 - -1010220014?
1010220014
In base 3, what is 111 - -12020200001?
12020200112
In base 4, what is 11 - -21220122101132?
21220122101203
In base 8, what is -2166465 - -100?
-2166365
In base 5, what is -440422 + -4230244?
-10221221
In base 4, what is 12012213 + 32122?
12111001
In base 5, what is -14112 - 1113420?
-1133032
In base 5, what is 32301211 + -4021?
32242140
In base 3, what is -11 + 121100001221120?
121100001221102
In base 14, what is 3 + 1821c0d1?
1821c0d4
In base 12, what is -35 + -147b91?
-148006
In base 16, what is 26e + 3262?
34d0
In base 3, what is -11 - -20002222122001?
20002222121220
In base 5, what is 102402 - 2443?
44404
In base 8, what is -337064 - 15256?
-354342
In base 16, what is 5 + 10876245?
1087624a
In base 11, what is 60 + -33503?
-33453
In base 4, what is 113133 - 3221211?
-3102012
In base 3, what is 1101001211221 + -1001?
1101001210220
In base 2, what is -1011 + 110011101111001001?
110011101110111110
In base 4, what is 3003023200 + -110?
3003023030
In base 12, what is -2ab9 + 26b56?
24059
In base 7, what is 2614531325 + -1?
2614531324
In base 13, what is -ba + 20c93?
20ba6
In base 6, what is 113445 + 1200241?
1314130
In base 10, what is 51704531 - -3?
51704534
In base 16, what is 1628bdb1 + -5?
1628bdac
In base 12, what is -7a42 - 6146?
-11b88
In base 5, what is 23102022 - -1314?
23103341
In base 9, what is -78171 + -277?
-78458
In base 13, what is -2b - 7a224b?
-7a2279
In base 13, what is 6b225 - 9?
6b219
In base 6, what is -12124 + -22411?
-34535
In base 9, what is 55018 - 12662?
42246
In base 3, what is 121221 + -1100102211?
-1022210220
In base 12, what is 9a279 - -5?
9a282
In base 7, what is -11444 - -213113?
201336
In base 13, what is 236a - -3080?
541a
In base 6, what is 4530201 + -3103?
4523054
In base 3, what is -121100022100 - 10200?
-121100110000
In base 6, what is -3501 + -25353523?
-25401424
In base 13, what is 1247034 + 126?
124715a
In base 8, what is -63 - 1525470?
-1525553
In base 2, what is 10010011 + 111000000100110?
111000010111001
In base 3, what is 1202021 + -202011